{"id":38,"date":"2015-03-23T20:06:40","date_gmt":"2015-03-23T20:06:40","guid":{"rendered":"http:\/\/iordacheanu.europrahova.eu\/wordpress\/?page_id=38"},"modified":"2015-10-23T10:06:42","modified_gmt":"2015-10-23T10:06:42","slug":"localizare","status":"publish","type":"page","link":"https:\/\/teisani.europrahova.eu\/wordpress\/localizare\/","title":{"rendered":"Localizare"},"content":{"rendered":"<p><a href=\"https:\/\/teisani.europrahova.eu\/wordpress\/wp-content\/uploads\/2015\/03\/localizare.png\"><img loading=\"lazy\" decoding=\"async\" class=\"alignnone size-medium wp-image-245\" src=\"https:\/\/teisani.europrahova.eu\/wordpress\/wp-content\/uploads\/2015\/03\/localizare-300x156.png\" alt=\"localizare\" width=\"300\" height=\"156\" srcset=\"https:\/\/teisani.europrahova.eu\/wordpress\/wp-content\/uploads\/2015\/03\/localizare-300x156.png 300w, https:\/\/teisani.europrahova.eu\/wordpress\/wp-content\/uploads\/2015\/03\/localizare.png 512w\" sizes=\"auto, (max-width: 300px) 100vw, 300px\" \/><\/a><\/p>\n<p>Comuna se afl\u0103 \u00een partea central-nordic\u0103 a jude\u021bului, \u00een zona de deal spre munte, pe malul drept al\u00a0r\u00e2ului Teleajen, satul de re\u0219edin\u021b\u0103 fiind situat la 6\u00a0km nord de ora\u0219ul\u00a0V\u0103lenii de Munte.<br \/>\nComuna este str\u0103b\u0103tut\u0103 de \u0219oseaua na\u021bional\u0103\u00a0DN1A, care leag\u0103 Ploie\u0219tiul\u00a0de\u00a0Bra\u0219ov\u00a0prin V\u0103lenii de Munte, \u0219osea din care se ramific\u0103 l\u00e2ng\u0103 Tei\u0219ani \u0219oseaua jude\u021bean\u0103 DJ100N, care duce spre vest c\u0103tre ora\u0219ul\u00a0Sl\u0103nic. Din acest drum se ramific\u0103 la Tei\u0219ani \u0219oseaua jude\u021bean\u0103 DJ219 care duce la V\u0103lenii de Munte, unde se termin\u0103 tot \u00een DN1A.<br \/>\nPrin comun\u0103 trece\u00a0calea ferat\u0103 Ploie\u0219ti Sud-M\u0103neciu, pe care comuna este deservit\u0103 de sta\u021bia Tei\u0219ani.<\/p>\n<p>&nbsp;<\/p>\n","protected":false},"excerpt":{"rendered":"<p>Comuna se afl\u0103 \u00een partea central-nordic\u0103 a jude\u021bului, \u00een zona de deal spre munte, pe malul drept al\u00a0r\u00e2ului Teleajen, satul de re\u0219edin\u021b\u0103 fiind situat la 6\u00a0km nord de ora\u0219ul\u00a0V\u0103lenii de Munte. Comuna este str\u0103b\u0103tut\u0103 de \u0219oseaua na\u021bional\u0103\u00a0DN1A, care leag\u0103 Ploie\u0219tiul\u00a0de\u00a0Bra\u0219ov\u00a0prin V\u0103lenii de Munte, \u0219osea din care se ramific\u0103 l\u00e2ng\u0103 Tei\u0219ani \u0219oseaua jude\u021bean\u0103 DJ100N, care duce <a class=\"continue\" href=\"https:\/\/teisani.europrahova.eu\/wordpress\/localizare\/\">[Continue]<\/a><\/p>\n","protected":false},"author":1,"featured_media":0,"parent":0,"menu_order":0,"comment_status":"closed","ping_status":"open","template":"","meta":{"footnotes":""},"class_list":["post-38","page","type-page","status-publish","hentry"],"_links":{"self":[{"href":"https:\/\/teisani.europrahova.eu\/wordpress\/wp-json\/wp\/v2\/pages\/38","targetHints":{"allow":["GET"]}}],"collection":[{"href":"https:\/\/teisani.europrahova.eu\/wordpress\/wp-json\/wp\/v2\/pages"}],"about":[{"href":"https:\/\/teisani.europrahova.eu\/wordpress\/wp-json\/wp\/v2\/types\/page"}],"author":[{"embeddable":true,"href":"https:\/\/teisani.europrahova.eu\/wordpress\/wp-json\/wp\/v2\/users\/1"}],"replies":[{"embeddable":true,"href":"https:\/\/teisani.europrahova.eu\/wordpress\/wp-json\/wp\/v2\/comments?post=38"}],"version-history":[{"count":6,"href":"https:\/\/teisani.europrahova.eu\/wordpress\/wp-json\/wp\/v2\/pages\/38\/revisions"}],"predecessor-version":[{"id":246,"href":"https:\/\/teisani.europrahova.eu\/wordpress\/wp-json\/wp\/v2\/pages\/38\/revisions\/246"}],"wp:attachment":[{"href":"https:\/\/teisani.europrahova.eu\/wordpress\/wp-json\/wp\/v2\/media?parent=38"}],"curies":[{"name":"wp","href":"https:\/\/api.w.org\/{rel}","templated":true}]}}